igit of c/12*1*240?
1
Suppose 3*t + 8 = -2*j + 20, 0 = -5*t + 20. Suppose j = -10*a + 2426 - 46. What is the units digit of a?
8
Let h be 3/(-9) - (-22)/(-6). Let j be (25/(-10)*2)/(1/h). Suppose 204 - j = 4*k. What is the units digit of k?
6
Let f(t) = t**3 - 20*t**2 - 80*t + 177. What is the hundreds digit of f(39)?
9
Suppose 3*m - 5*y - 508 = -0*y, -5*m = -4*y - 838. Suppose 2313 = 24*o - 15*o. Let q = o - m. What is the units digit of q?
1
Suppose 22*v + 10*v + 173889 = 496417. What is the hundreds digit of v?
0
Suppose 3 = b - 19. Suppose -1721 = b*z - 12831. What is the units digit of z?
5
What is the ten thousands digit of 13723 + 3 + (-45 - -40) + (1 - -4)?
1
Suppose 6*j - j - 2*u = 85, u - 24 = -j. What is the tens digit of (j/9 - 2) + 237994/342?
9
Let d(k) = -4*k**3 - 11*k**2 - 8*k - 5. Suppose -192*z + 12 = -195*z. What is the tens digit of d(z)?
0
Suppose 1317755 = 195*i - 6313232 - 6870578. What is the thousands digit of i?
4
Let r(k) = 5*k + 95. Let h = -97 + 86. What is the tens digit of r(h)?
4
What is the units digit of 45/(-6)*(13 + -623)?
5
Suppose 45893*m = 45884*m + 91710. What is the hundreds digit of m?
1
Suppose -42*q - 3399 = -3*p - 46*q, q = -2*p + 2266. What is the tens digit of p?
3
Let t(c) = -11*c**2 - 232*c + 4. Let s be t(-21). Suppose -35 + 5 = 3*q. Let u = s + q. What is the tens digit of u?
1
Suppose a - 38 = -18. Suppose 0 = 4*b - a - 84. Let v = b + -18. What is the units digit of v?
8
Let y(m) = 3217*m**3 + 2*m**2 + m. Let k be y(-1). Let h be k/(-40) - (-6)/10. Let o = h - 39. What is the units digit of o?
2
Let x = 5467 + 919. What is the thousands digit of x?
6
Suppose -3*x = -9, 828 = -3*w - 0*x + x. Let l = -204 - w. What is the tens digit of l?
7
Let v(s) = -s + 2. Let z be v(8). Let t be z*(0 - (-3)/(-9)). Suppose -2*o + 233 = -5*p - 45, o - 139 = -t*p. What is the tens digit of o?
3
Suppose 44*l + 44*l = -342*l + 9847000. What is the tens digit of l?
0
Suppose 0 = -3*b + n + 7969, -24*n - 2647 = -b - 26*n. Let q = -1504 + b. What is the hundreds digit of q?
1
Suppose -7*z + 68 = -44. Suppose -5*k + z - 6 = -2*a, 0 = -3*k + 2*a + 10. Suppose k = -5*o + 3*s + 421, o = -o + 3*s + 163. What is the tens digit of o?
8
What is the hundreds digit of (-2530)/(-198) - 13 - (-282755)/9?
4
Let i(a) = 14*a + 127. Let g be i(9). Suppose -4*v + d - 33 + g = 0, d = -5*v + 275. What is the units digit of v?
5
Suppose 69*k + g = 71*k - 18639, 2*g + 9309 = k. What is the hundreds digit of k?
3
Suppose 4 = -5*w + 29. Suppose -w*c - 4*l + 3127 = -5*l, 0 = 5*l + 10. What is the tens digit of c?
2
Let t be 18/(-12) + (-234)/(-4) + -3. Suppose 23 + 271 = 3*c. Let y = c - t. What is the units digit of y?
4
Suppose -5*q - 5*d + 22 = -8, 0 = -5*q - d + 38. Suppose -5*f - 3*b + 190 = 0, -q*f + 4*f - b = -145. What is the units digit of f?
5
Let z = 78 - 80. Let p be (-2 - z)/(6 + -5) - -694. Suppose p = 7*y - 118. What is the hundreds digit of y?
1
Let x = 48 - 27. Let w be (-1)/7*-407 + (-3)/x. Let u = 95 - w. What is the tens digit of u?
3
Let z(x) = -37*x**3 + 6*x**2 + 16*x - 30. Let v be z(-7). Suppose -v = -18*s + 9*s. What is the tens digit of s?
2
Let t(b) = 2172*b**3 - 3*b + 3. Let v be t(1). Suppose -5*c + 2136 = -c + 5*y, 0 = 4*c - 4*y - v. What is the tens digit of c?
3
Suppose -2*x + 4*x = 20. Suppose 0 = -5*n - f + 21, 4*n + 4*f - 3 - 1 = 0. Suppose 9*m = x*m - n. What is the units digit of m?
5
Let d(g) = 2291*g - 831. What is the tens digit of d(3)?
4
Suppose -21218 + 14918 - 30638 = -2*q. What is the hundreds digit of q?
4
Let j = -5318 + 37597. What is the units digit of j?
9
Let t be (8 - 10) + 5 + 1. Suppose 4*m = -2*q + 499 + 515, -5*q + 2523 = t*m. What is the tens digit of q?
0
Let c be -4 - (-5 - 2970/3). Suppose 2*l + 5*a + c = 4*l, 5*l - 2455 = 5*a. What is the hundreds digit of l?
4
Suppose -338951 = -9*d - 29*d - 56839. What is the tens digit of d?
2
Suppose d - 3*r = 11, -5*r - 26 - 3 = -3*d. Suppose 2*h + 3*x - d*x = 250, 3*h = -4*x + 421. What is the tens digit of h?
3
Let q(r) = 238*r**2 - 27*r - 214. What is the hundreds digit of q(-6)?
5
Let m(f) = -130*f - 9. Let o(j) = 212*j + 15. Let v(d) = 10*m(d) + 6*o(d). Suppose -5*h + 4 - 5 = 4*p, 3*h = -2*p + 1. What is the units digit of v(p)?
2
Let i(z) = 26 + 5 - 4*z + 3*z. Let o be 80/15 + -5 + 4/(-14 - -2). What is the tens digit of i(o)?
3
What is the thousands digit of (-21)/((-168)/7576)*(-72)/(-2)?
4
Let o be 493/68 - 9/(-12). What is the units digit of 3/o*-4*(-2 - 0)?
3
Suppose 32 = 4*p + 4*a, -4*p + 3*a + 2 = -2. Let i = 142 + p. What is the units digit of i?
6
Let u(n) = -5*n**2 + 7*n + 89. Let v(l) = 6*l**2 - 7*l - 89. Let g(m) = 2*u(m) + 3*v(m). What is the tens digit of g(-7)?
5
Suppose -2*p = 3*o + 16, -3*o - 8 = -2*p + 6*p. Let z = -596 - -660. Let a = z - o. What is the tens digit of a?
7
Let l(j) = -22*j + 1746. What is the units digit of l(64)?
8
Suppose 3*y = -2*n + 2239, -10 + 0 = -5*n. Let k = y + -423. Suppose -3*v = -209 - k. What is the units digit of v?
7
Suppose 108200 = 18*s - 35800. What is the units digit of s?
0
Let c(g) = g**3 + 10*g**2 - 25*g - 10. Let n be c(-12). Suppose n*s - u - 334 = 365, 5*s = u + 1752. Suppose 8*j = s + 465. What is the units digit of j?
2
Let g(f) = 107*f**3 - 31*f + 61. What is the tens digit of g(2)?
5
Let t(p) = 13*p**2 - 45*p + 374. What is the thousands digit of t(26)?
7
What is the hundreds digit of (35732/(-12) - 1)*(-5 - (-70)/20)?
4
Let q be 17330/25 + 5/(-25). Suppose -4*c = -5*v - 537, 5*c - 7*v - q = -8*v. What is the units digit of c?
8
Suppose -257728 - 58627 = -162*a + 375385. What is the tens digit of a?
7
Let m(g) = 2019*g**2 + 93*g - 240. What is the units digit of m(3)?
0
Suppose -20*q - 7089 + 98709 = 0. What is the hundreds digit of q?
5
Let r be (-50)/20*8/10*-1. What is the units digit of (-1)/r - ((-1666)/4)/7?
9
Let g(u) = 172*u - 438. What is the hundreds digit of g(5)?
4
What is the hundreds digit of ((-198846)/(-45))/(16/40)?
0
Let j be (-31)/(-11) + (-2)/(-44)*4. Suppose 2*i = -0*i - 3*f - 15, -3*i + j*f = 0. What is the tens digit of (-3 - -1) + (60 - (i + 6))?
5
Let j(z) = -2729*z + 2081. What is the units digit of j(-4)?
7
Let h(r) = -3*r + 69. Let d be h(26). Let f(s) = -2*s**2 - 6*s + 14. Let x be f(6). Let k = d - x. What is the tens digit of k?
8
Suppose 8*y + 80 = 3*y. Suppose -q + 54 = -3*o, 2*q + 26 = -5*o + 90. Let h = q + y. What is the units digit of h?
6
Let l = -3418 - -14290. What is the thousands digit of l?
0
Let g(y) = 93*y**2 - 41*y - 652. What is the thousands digit of g(-10)?
9
Let a = 1 + 8. Let t(l) = 646*l + 635*l + 2*l**2 + 14 - 1290*l. What is the tens digit of t(a)?
9
Let n be (-54)/(-5 - 5756/(-824) - 2). Suppose -10*r + n + 1242 = 0. What is the tens digit of r?
9
Let p(r) = 127*r**2 + 188*r - 17. What is the units digit of p(-15)?
8
Suppose 2*v + 3*v + 83546 = 2*u, 0 = -3*u + v + 125345. What is the thousands digit of u?
1
Let d(w) = 14*w**3 - 8*w**2 - 98*w + 876. What is the ten thousands digit of d(13)?
2
Let b(x) = x**3 + 21*x**2 - 24*x - 23. Suppose 0*c + 42 = -2*u - c, 4*u + c + 86 = 0. Let i be b(u). Suppose -18*a - 261 = -i*a. What is the tens digit of a?
8
Let z(w) = -w**3 - 6*w**2 - 7*w + 2. Let p be z(-5). Suppose 2*j + 2 = p. Suppose -2*h + j = -19. What is the tens digit of h?
1
Suppose 63*y - 135*y + 70*y + 19878 = 0. What is the thousands digit of y?
9
Let o be 2/(-6)*(2 + (-4 - -5)). Let r = 15 - 17. What is the tens digit of r + o - (-70 + -14)?
8
Let b = 305 + 580. What is the tens digit of b?
8
Let a(x) = -x**3 - 11*x**2 + 12*x + 17. Let t be a(-12). Let b = -12 + t. Let r(f) = 5*f + 3. What is the units digit of r(b)?
8
Let y(m) = m**2 - 7*m - 13. Let q be y(9). Suppose 0 = -3*s - q*b + 1201, s = -4*b + 189 + 223. What is the tens digit of s?
9
Let d(y) = y**3 + 27*y**2 + 32*y - 25. Let l be d(-25). Suppose 2*g + 3*g = 35. Suppose 2*b = g*b - l. What is the units digit of b?
5
Let n(v) = 324*v - 2 + 4 + 11*v**2 - 321*v - 3 - 6 + v**3. What is the tens digit of n(5)?
0
Suppose 0 = 285*s - 286*s + 223. Suppose -i = 34 - s. What is the units digit of i?
9
Suppose -129*w + 104*w = -246400. What is the thousands digit of w?
9
Let t(s) = 3*s + 12. Let z be t(-6). Let i be (100 + (-1 - z))*1. What is the tens digit 